{"id":1489,"date":"2024-05-24T10:43:12","date_gmt":"2024-05-24T10:43:12","guid":{"rendered":"https:\/\/staging.fair-kauf.net.strothmann.online\/?page_id=1489"},"modified":"2024-09-27T11:32:00","modified_gmt":"2024-09-27T11:32:00","slug":"bueromoebel","status":"publish","type":"page","link":"https:\/\/fair-kauf.net\/index.php\/bueromoebel\/","title":{"rendered":"B\u00fcrom\u00f6bel"},"content":{"rendered":"<style>.kb-gallery-id-1489_39948f-b7.kb-gallery-ul.kb-gallery-type-fluidcarousel .kt-blocks-carousel figure .kb-gal-image-radius, .kb-gallery-id-1489_39948f-b7.kb-gallery-ul.kb-gallery-type-fluidcarousel .kt-blocks-carousel figure .kb-gal-image-radius img{height:300px;}.kb-gallery-id-1489_39948f-b7 .kadence-blocks-gallery-item .kb-gal-image-radius, .kb-gallery-id-1489_39948f-b7 .kb-slide-item .kb-gal-image-radius img{border-radius:0px 0px 0px 0px;;}.kb-gallery-wrap-id-1489_39948f-b7.wp-block-kadence-advancedgallery{overflow:visible;}.kb-gallery-wrap-id-1489_39948f-b7.wp-block-kadence-advancedgallery .kt-blocks-carousel{overflow:visible;max-width:100%;}<\/style><div class=\"kb-gallery-wrap-id-1489_39948f-b7 alignnone wp-block-kadence-advancedgallery\"><div class=\"kb-gallery-ul kb-gallery-non-static kb-gallery-type-fluidcarousel kb-gallery-id-1489_39948f-b7 kb-gallery-caption-style-bottom-hover kb-gallery-filter-none kb-gallery-magnific-init\" data-image-filter=\"none\" data-lightbox-caption=\"false\"><div class=\"kt-blocks-carousel splide kt-carousel-container-dotstyle-dark kt-carousel-arrowstyle-whiteondark kt-carousel-dotstyle-dark kb-slider-group-arrow kb-slider-arrow-position-center\" data-slider-anim-speed=\"400\" data-slider-scroll=\"1\" data-slider-arrows=\"true\" data-slider-dots=\"true\" data-slider-hover-pause=\"false\" data-slider-auto=\"1\" data-slider-speed=\"2000\" data-slider-type=\"fluidcarousel\" data-slider-center-mode=\"true\" data-slider-gap=\"10px\" data-slider-gap-tablet=\"10px\" data-slider-gap-mobile=\"10px\" data-show-pause-button=\"false\"><div class=\"splide__track\"><ul class=\"kt-blocks-carousel-init kb-blocks-fluid-carousel splide__list\"><li class=\"kb-slide-item kb-gallery-carousel-item splide__slide\"><div class=\"kadence-blocks-gallery-item\"><div class=\"kadence-blocks-gallery-item-inner\"><figure class=\"kb-gallery-figure kb-gallery-item-has-link kadence-blocks-gallery-item-hide-caption\"><a href=\"https:\/\/fair-kauf.net\/wp-content\/uploads\/2024\/05\/eModel-2.0_overview-conflicted-copy-2022-04-13-090958-scaled.jpg\" class=\"kb-gallery-item-link\"   role=\"button\" aria-haspopup=\"dialog\"><div class=\"kb-gal-image-radius\"><div class=\"kb-gallery-image-contain\" ><img loading=\"lazy\" decoding=\"async\" src=\"https:\/\/fair-kauf.net\/wp-content\/uploads\/2024\/05\/eModel-2.0_overview-conflicted-copy-2022-04-13-090958-1024x634.jpg\" width=\"1024\" height=\"634\" alt=\"\" data-full-image=\"https:\/\/fair-kauf.net\/wp-content\/uploads\/2024\/05\/eModel-2.0_overview-conflicted-copy-2022-04-13-090958-scaled.jpg\" data-light-image=\"https:\/\/fair-kauf.net\/wp-content\/uploads\/2024\/05\/eModel-2.0_overview-conflicted-copy-2022-04-13-090958-scaled.jpg\" data-id=\"1602\" class=\"wp-image-1602 skip-lazy\"\/><\/div><\/div><\/a><\/figure><\/div><\/div><\/li><li class=\"kb-slide-item kb-gallery-carousel-item splide__slide\"><div class=\"kadence-blocks-gallery-item\"><div class=\"kadence-blocks-gallery-item-inner\"><figure class=\"kb-gallery-figure kb-gallery-item-has-link kadence-blocks-gallery-item-hide-caption\"><a href=\"https:\/\/fair-kauf.net\/wp-content\/uploads\/2024\/05\/eModel-2.0_Xenium_03-scaled.jpg\" class=\"kb-gallery-item-link\"   role=\"button\" aria-haspopup=\"dialog\"><div class=\"kb-gal-image-radius\"><div class=\"kb-gallery-image-contain\" ><img loading=\"lazy\" decoding=\"async\" src=\"https:\/\/fair-kauf.net\/wp-content\/uploads\/2024\/05\/eModel-2.0_Xenium_03-1024x683.jpg\" width=\"1024\" height=\"683\" alt=\"\" data-full-image=\"https:\/\/fair-kauf.net\/wp-content\/uploads\/2024\/05\/eModel-2.0_Xenium_03-scaled.jpg\" data-light-image=\"https:\/\/fair-kauf.net\/wp-content\/uploads\/2024\/05\/eModel-2.0_Xenium_03-scaled.jpg\" data-id=\"1603\" class=\"wp-image-1603 skip-lazy\"\/><\/div><\/div><\/a><\/figure><\/div><\/div><\/li><li class=\"kb-slide-item kb-gallery-carousel-item splide__slide\"><div class=\"kadence-blocks-gallery-item\"><div class=\"kadence-blocks-gallery-item-inner\"><figure class=\"kb-gallery-figure kb-gallery-item-has-link kadence-blocks-gallery-item-hide-caption\"><a href=\"https:\/\/fair-kauf.net\/wp-content\/uploads\/2024\/05\/K40_cabinet_group_001-conflicted-copy-2017-01-25-092700-scaled.jpg\" class=\"kb-gallery-item-link\"   role=\"button\" aria-haspopup=\"dialog\"><div class=\"kb-gal-image-radius\"><div class=\"kb-gallery-image-contain\" ><img loading=\"lazy\" decoding=\"async\" src=\"https:\/\/fair-kauf.net\/wp-content\/uploads\/2024\/05\/K40_cabinet_group_001-conflicted-copy-2017-01-25-092700-1024x768.jpg\" width=\"1024\" height=\"768\" alt=\"\" data-full-image=\"https:\/\/fair-kauf.net\/wp-content\/uploads\/2024\/05\/K40_cabinet_group_001-conflicted-copy-2017-01-25-092700-scaled.jpg\" data-light-image=\"https:\/\/fair-kauf.net\/wp-content\/uploads\/2024\/05\/K40_cabinet_group_001-conflicted-copy-2017-01-25-092700-scaled.jpg\" data-id=\"1604\" class=\"wp-image-1604 skip-lazy\"\/><\/div><\/div><\/a><\/figure><\/div><\/div><\/li><li class=\"kb-slide-item kb-gallery-carousel-item splide__slide\"><div class=\"kadence-blocks-gallery-item\"><div class=\"kadence-blocks-gallery-item-inner\"><figure class=\"kb-gallery-figure kb-gallery-item-has-link kadence-blocks-gallery-item-hide-caption\"><a href=\"https:\/\/fair-kauf.net\/wp-content\/uploads\/2024\/05\/SQart_04-conflicted-copy-2022-08-16-210822-scaled.jpg\" class=\"kb-gallery-item-link\"   role=\"button\" aria-haspopup=\"dialog\"><div class=\"kb-gal-image-radius\"><div class=\"kb-gallery-image-contain\" ><img loading=\"lazy\" decoding=\"async\" src=\"https:\/\/fair-kauf.net\/wp-content\/uploads\/2024\/05\/SQart_04-conflicted-copy-2022-08-16-210822-1024x576.jpg\" width=\"1024\" height=\"576\" alt=\"\" data-full-image=\"https:\/\/fair-kauf.net\/wp-content\/uploads\/2024\/05\/SQart_04-conflicted-copy-2022-08-16-210822-scaled.jpg\" data-light-image=\"https:\/\/fair-kauf.net\/wp-content\/uploads\/2024\/05\/SQart_04-conflicted-copy-2022-08-16-210822-scaled.jpg\" data-id=\"1605\" class=\"wp-image-1605 skip-lazy\"\/><\/div><\/div><\/a><\/figure><\/div><\/div><\/li><li class=\"kb-slide-item kb-gallery-carousel-item splide__slide\"><div class=\"kadence-blocks-gallery-item\"><div class=\"kadence-blocks-gallery-item-inner\"><figure class=\"kb-gallery-figure kb-gallery-item-has-link kadence-blocks-gallery-item-hide-caption\"><a href=\"https:\/\/fair-kauf.net\/wp-content\/uploads\/2024\/05\/XIO-2.0-foldable-meeting-table_01-conflicted-copy-2023-05-22-143348.jpg\" class=\"kb-gallery-item-link\"   role=\"button\" aria-haspopup=\"dialog\"><div class=\"kb-gal-image-radius\"><div class=\"kb-gallery-image-contain\" ><img loading=\"lazy\" decoding=\"async\" src=\"https:\/\/fair-kauf.net\/wp-content\/uploads\/2024\/05\/XIO-2.0-foldable-meeting-table_01-conflicted-copy-2023-05-22-143348-1024x614.jpg\" width=\"1024\" height=\"614\" alt=\"\" data-full-image=\"https:\/\/fair-kauf.net\/wp-content\/uploads\/2024\/05\/XIO-2.0-foldable-meeting-table_01-conflicted-copy-2023-05-22-143348.jpg\" data-light-image=\"https:\/\/fair-kauf.net\/wp-content\/uploads\/2024\/05\/XIO-2.0-foldable-meeting-table_01-conflicted-copy-2023-05-22-143348.jpg\" data-id=\"1606\" class=\"wp-image-1606 skip-lazy\"\/><\/div><\/div><\/a><\/figure><\/div><\/div><\/li><\/ul><\/div><\/div><\/div><\/div>\n\n\n<p>Es gibt viele Menschen die auch viel Zeit im B\u00fcro verbringen, deswegen ist es wichtig das B\u00fcro auf die Bed\u00fcrfnisse des einzelnen anzupassen, da so eine angenehme Arbeitsatmoph\u00e4re geschaffen wird. Ganz gleich ob im Einzel-, Gro\u00dfraum oder Chefb\u00fcro. M\u00f6belhersteller wie Febr\u00fc (made in OWL), Hammerbach und Nowy Styl sind unsere Ansprechpartner, wenn es um professionelle B\u00fcroeinrichtung geht.<\/p>\n\n\n\n<p><strong>Schreibtische<\/strong>: Unsere Schreibtische sind das Herzst\u00fcck jedes B\u00fcros. Ob klassisch oder h\u00f6henverstellbar, sie bieten die perfekte Grundlage f\u00fcr effizientes Arbeiten. Mit einer Vielzahl von Designs und Gr\u00f6\u00dfen finden Sie sicher den idealen Schreibtisch f\u00fcr Ihren Raum.<\/p>\n\n\n\n<p><strong>B\u00fcrost\u00fchle<\/strong>: Ergonomie ist entscheidend f\u00fcr einen langen Arbeitstag. Unsere B\u00fcrost\u00fchle sind so konzipiert, dass sie Unterst\u00fctzung und Komfort bieten, um Erm\u00fcdung vorzubeugen. W\u00e4hlen Sie aus einer Reihe von Modellen, die auf Ihre Bed\u00fcrfnisse zugeschnitten sind.<\/p>\n\n\n\n<p><strong>Aufbewahrungsl\u00f6sungen<\/strong>: Von Aktenschr\u00e4nken bis hin zu Rollcontainern \u2013 unsere Aufbewahrungsm\u00f6bel helfen Ihnen, Ordnung zu halten und wichtige Dokumente griffbereit zu haben. Unsere L\u00f6sungen sind sowohl praktisch als auch \u00e4sthetisch ansprechend.<\/p>\n\n\n\n<p><\/p>\n\n\n<style>.wp-block-kadence-advancedbtn.kb-btns1489_068f35-7b{gap:var(--global-kb-gap-xs, 0.5rem );justify-content:center;align-items:center;}.kt-btns1489_068f35-7b .kt-button{font-weight:normal;font-style:normal;}.kt-btns1489_068f35-7b .kt-btn-wrap-0{margin-right:5px;}.wp-block-kadence-advancedbtn.kt-btns1489_068f35-7b .kt-btn-wrap-0 .kt-button{color:#555555;border-color:#555555;}.wp-block-kadence-advancedbtn.kt-btns1489_068f35-7b .kt-btn-wrap-0 .kt-button:hover, .wp-block-kadence-advancedbtn.kt-btns1489_068f35-7b .kt-btn-wrap-0 .kt-button:focus{color:#ffffff;border-color:#444444;}.wp-block-kadence-advancedbtn.kt-btns1489_068f35-7b .kt-btn-wrap-0 .kt-button::before{display:none;}.wp-block-kadence-advancedbtn.kt-btns1489_068f35-7b .kt-btn-wrap-0 .kt-button:hover, .wp-block-kadence-advancedbtn.kt-btns1489_068f35-7b .kt-btn-wrap-0 .kt-button:focus{background:#444444;}<\/style>\n<div class=\"wp-block-kadence-advancedbtn kb-buttons-wrap kb-btns1489_068f35-7b\"><style>ul.menu .wp-block-kadence-advancedbtn .kb-btn1489_edc5a8-43.kb-button{width:initial;}.wp-block-kadence-advancedbtn .kb-btn1489_edc5a8-43.kb-button{color:#eee;background:#2d5c88;}.wp-block-kadence-advancedbtn .kb-btn1489_edc5a8-43.kb-button:hover, .wp-block-kadence-advancedbtn .kb-btn1489_edc5a8-43.kb-button:focus{color:#eee;background:#1c9f9f;}<\/style><a class=\"kb-button kt-button button kb-btn1489_edc5a8-43 kt-btn-size-xlarge kt-btn-width-type-auto kb-btn-global-fill  kt-btn-has-text-true kt-btn-has-svg-false  wp-block-kadence-singlebtn\" href=\"https:\/\/fair-kauf.net\/index.php\/contact-us\/\"><span class=\"kt-btn-inner-text\">Beratungstermin vereinbaren<\/span><\/a><\/div>\n","protected":false},"excerpt":{"rendered":"<p>Es gibt viele Menschen die auch viel Zeit im B\u00fcro verbringen, deswegen ist es wichtig das B\u00fcro auf die Bed\u00fcrfnisse des einzelnen anzupassen, da so eine angenehme Arbeitsatmoph\u00e4re geschaffen wird. Ganz gleich ob im Einzel-, Gro\u00dfraum oder Chefb\u00fcro. M\u00f6belhersteller wie &hellip; <a class=\"kt-excerpt-readmore\" href=\"https:\/\/fair-kauf.net\/index.php\/bueromoebel\/\" aria-label=\"B\u00fcrom\u00f6bel\">Weiterlesen<\/a><\/p>\n","protected":false},"author":1,"featured_media":0,"parent":0,"menu_order":0,"comment_status":"closed","ping_status":"closed","template":"","meta":{"kt_blocks_editor_width":"","_kad_blocks_custom_css":"","_kad_blocks_head_custom_js":"","_kad_blocks_body_custom_js":"","_kad_blocks_footer_custom_js":"","footnotes":""},"class_list":["post-1489","page","type-page","status-publish","hentry"],"taxonomy_info":[],"featured_image_src_large":false,"author_info":{"display_name":"admin","author_link":"https:\/\/fair-kauf.net\/index.php\/author\/strothy_jtu6f85m\/"},"comment_info":0,"_links":{"self":[{"href":"https:\/\/fair-kauf.net\/index.php\/wp-json\/wp\/v2\/pages\/1489","targetHints":{"allow":["GET"]}}],"collection":[{"href":"https:\/\/fair-kauf.net\/index.php\/wp-json\/wp\/v2\/pages"}],"about":[{"href":"https:\/\/fair-kauf.net\/index.php\/wp-json\/wp\/v2\/types\/page"}],"author":[{"embeddable":true,"href":"https:\/\/fair-kauf.net\/index.php\/wp-json\/wp\/v2\/users\/1"}],"replies":[{"embeddable":true,"href":"https:\/\/fair-kauf.net\/index.php\/wp-json\/wp\/v2\/comments?post=1489"}],"version-history":[{"count":0,"href":"https:\/\/fair-kauf.net\/index.php\/wp-json\/wp\/v2\/pages\/1489\/revisions"}],"wp:attachment":[{"href":"https:\/\/fair-kauf.net\/index.php\/wp-json\/wp\/v2\/media?parent=1489"}],"curies":[{"name":"wp","href":"https:\/\/api.w.org\/{rel}","templated":true}]}}